{"id":863,"date":"2022-08-11T17:29:59","date_gmt":"2022-08-11T15:29:59","guid":{"rendered":"http:\/\/www.aloha-company.de\/?page_id=863"},"modified":"2022-08-11T17:58:16","modified_gmt":"2022-08-11T15:58:16","slug":"impressum","status":"publish","type":"page","link":"http:\/\/www.aloha-company.de\/index.php\/impressum\/","title":{"rendered":"Kontakt | Impressum"},"content":{"rendered":"\n<p>Angela Haake-Weiler<br>K\u00fcnstlerin<br>&nbsp;<br>Overather Strasse 18<br>51429 Bergisch Gladbach<br>&nbsp;<br>Telefon:02204\/63393<br>Telefax:02204\/424720<br>E-mail: <a href=\"mailto:aha@haawei-net.de\">aha@haawei-net.de<\/a><br>Internet: aloha-company.de<br>&nbsp;<br>Umsatzsteuer-Identifikationsnummer gem\u00e4\u00df \u00a7 27 a Umsatzsteuergesetz:<br>DE 122000488<br>&nbsp;<br>Inhaltlich Verantwortlicher gem\u00e4\u00df \u00a7 10 Absatz 3 MDSTV:<br>Angela Haake-Weiler<br>Anschrift siehe oben<br>&nbsp;<br>&nbsp;<br>Disclaimer \u2013 rechtliche Hinweise<br>\u00a7 1 Haftungsbeschr\u00e4nkung<br>Die Inhalte dieser Website erstelle ich mit gr\u00f6\u00dftm\u00f6glicher Sorgfalt. Ich \u00fcbernehme jedoch keine Gew\u00e4hr f\u00fcr die Richtigkeit, Vollst\u00e4ndigkeit und Aktualit\u00e4t der bereitgestellten Inhalte und die Nutzung der Inhalte der Website erfolgt auf eigene Gefahr des Nutzers. Beitr\u00e4ge anderer Autoren geben die Meinung des jeweiligen Autors und nicht immer meine Meinung wieder. Mit der reinen Nutzung der Website des Dienstanbieters kommt keinerlei Vertragsverh\u00e4ltnis zwischen dem Nutzer und dem Dienstanbieters zustande.<br>&nbsp;<br>\u00a7 2 Externe Links<br>&nbsp;<br>Diese Website enth\u00e4lt Verkn\u00fcpfungen zu Websites Dritter sogenannten \u201eexternen Links\u201c und diese&nbsp; unterliegen der Haftung der jeweiligen Betreiber. Bei der erstmaligen Verkn\u00fcpfung der externen Links wurden die fremden Inhalte daraufhin \u00fcberpr\u00fcft, ob etwaige Rechtsverst\u00f6\u00dfe bestehen und zu diesem Zeitpunkt waren keine Rechtsverst\u00f6\u00dfe ersichtlich. Der Dienstanbieter hat keinerlei Einfluss auf die aktuelle und zuk\u00fcnftige Gestaltung und auf die Inhalte der verkn\u00fcpften Seiten. Durch das Setzen von externen Links macht sich der Anbieter die hinter dem Verweis oder Link liegenden Inhalte nicht zu Eigen. Eine st\u00e4ndige Kontrolle der externen Links ist f\u00fcr den Anbieter ohne konkrete Hinweise auf Rechtsverst\u00f6\u00dfe nicht zumutbar. Werden Rechtsverst\u00f6\u00dfe bekannt werden diese externen Links unverz\u00fcglich gel\u00f6scht.<br>&nbsp;<br>\u00a7 3 Urheber- und Leistungsschutzrechte<br>&nbsp;<br>Die ver\u00f6ffentlichten Inhalte auf dieser Website unterliegen dem deutschen Urheber- und Leistungsschutzrecht. Jede vom deutschen Urheber- und Leistungsschutzrecht nicht zugelassene Verwertung bed\u00fcrfen der vorherigen schriftlichen Erlaubnis des Anbieters oder des jeweiligen Autors und Rechteinhabers. Vervielf\u00e4ltigung, Bearbeitung, \u00dcbersetzung, Einspeicherung, Verarbeitung bzw. Wiedergabe einzelner Inhalte oder kompletter Seiten ist nicht gestattet und strafbar. Inhalte und Rechte Dritter sind dabei als solche gekennzeichnet.<br>Downloads und Kopien dieser Seite sind lediglich f\u00fcr den privaten, nicht kommerziellen Gebrauch gestattet.<br>Bei Bekanntwerden etwaiger Rechtsverst\u00f6\u00dfe werden derartige Inhalte unverz\u00fcglich gel\u00f6scht.<br>&nbsp;<\/p>\n\n\n\n<p><\/p>\n","protected":false},"excerpt":{"rendered":"<p>Angela Haake-WeilerK\u00fcnstlerin&nbsp;Overather Strasse 1851429 Bergisch Gladbach&nbsp;Telefon:02204\/63393Telefax:02204\/424720E-mail: aha@haawei-net.deInternet: aloha-company.de&nbsp;Umsatzsteuer-Identifikationsnummer gem\u00e4\u00df \u00a7 27 a Umsatzsteuergesetz:DE 122000488&nbsp;Inhaltlich Verantwortlicher gem\u00e4\u00df \u00a7 10 Absatz 3 MDSTV:Angela Haake-WeilerAnschrift siehe oben&nbsp;&nbsp;Disclaimer \u2013 rechtliche Hinweise\u00a7 1 Haftungsbeschr\u00e4nkungDie Inhalte dieser Website erstelle ich mit gr\u00f6\u00dftm\u00f6glicher Sorgfalt. Ich \u00fcbernehme jedoch keine Gew\u00e4hr f\u00fcr die Richtigkeit, Vollst\u00e4ndigkeit und Aktualit\u00e4t der bereitgestellten [&hellip;]<\/p>\n","protected":false},"author":1,"featured_media":0,"parent":0,"menu_order":0,"comment_status":"closed","ping_status":"closed","template":"","meta":{"footnotes":""},"class_list":["post-863","page","type-page","status-publish","hentry"],"yoast_head":"<!-- This site is optimized with the Yoast SEO plugin v27.4 - https:\/\/yoast.com\/product\/yoast-seo-wordpress\/ -->\n<title>Kontakt | Impressum -<\/title>\n<meta name=\"robots\" content=\"index, follow, max-snippet:-1, max-image-preview:large, max-video-preview:-1\" \/>\n<link rel=\"canonical\" href=\"http:\/\/www.aloha-company.de\/index.php\/impressum\/\" \/>\n<meta property=\"og:locale\" content=\"de_DE\" \/>\n<meta property=\"og:type\" content=\"article\" \/>\n<meta property=\"og:title\" content=\"Kontakt | Impressum -\" \/>\n<meta property=\"og:description\" content=\"Angela Haake-WeilerK\u00fcnstlerin&nbsp;Overather Strasse 1851429 Bergisch Gladbach&nbsp;Telefon:02204\/63393Telefax:02204\/424720E-mail: aha@haawei-net.deInternet: aloha-company.de&nbsp;Umsatzsteuer-Identifikationsnummer gem\u00e4\u00df \u00a7 27 a Umsatzsteuergesetz:DE 122000488&nbsp;Inhaltlich Verantwortlicher gem\u00e4\u00df \u00a7 10 Absatz 3 MDSTV:Angela Haake-WeilerAnschrift siehe oben&nbsp;&nbsp;Disclaimer \u2013 rechtliche Hinweise\u00a7 1 Haftungsbeschr\u00e4nkungDie Inhalte dieser Website erstelle ich mit gr\u00f6\u00dftm\u00f6glicher Sorgfalt. Ich \u00fcbernehme jedoch keine Gew\u00e4hr f\u00fcr die Richtigkeit, Vollst\u00e4ndigkeit und Aktualit\u00e4t der bereitgestellten [&hellip;]\" \/>\n<meta property=\"og:url\" content=\"http:\/\/www.aloha-company.de\/index.php\/impressum\/\" \/>\n<meta property=\"article:modified_time\" content=\"2022-08-11T15:58:16+00:00\" \/>\n<meta name=\"twitter:card\" content=\"summary_large_image\" \/>\n<meta name=\"twitter:label1\" content=\"Gesch\u00e4tzte Lesezeit\" \/>\n\t<meta name=\"twitter:data1\" content=\"2\u00a0Minuten\" \/>\n<script type=\"application\/ld+json\" class=\"yoast-schema-graph\">{\"@context\":\"https:\\\/\\\/schema.org\",\"@graph\":[{\"@type\":\"WebPage\",\"@id\":\"http:\\\/\\\/www.aloha-company.de\\\/index.php\\\/impressum\\\/\",\"url\":\"http:\\\/\\\/www.aloha-company.de\\\/index.php\\\/impressum\\\/\",\"name\":\"Kontakt | Impressum -\",\"isPartOf\":{\"@id\":\"https:\\\/\\\/www.aloha-company.de\\\/#website\"},\"datePublished\":\"2022-08-11T15:29:59+00:00\",\"dateModified\":\"2022-08-11T15:58:16+00:00\",\"breadcrumb\":{\"@id\":\"http:\\\/\\\/www.aloha-company.de\\\/index.php\\\/impressum\\\/#breadcrumb\"},\"inLanguage\":\"de\",\"potentialAction\":[{\"@type\":\"ReadAction\",\"target\":[\"http:\\\/\\\/www.aloha-company.de\\\/index.php\\\/impressum\\\/\"]}]},{\"@type\":\"BreadcrumbList\",\"@id\":\"http:\\\/\\\/www.aloha-company.de\\\/index.php\\\/impressum\\\/#breadcrumb\",\"itemListElement\":[{\"@type\":\"ListItem\",\"position\":1,\"name\":\"Startseite\",\"item\":\"https:\\\/\\\/www.aloha-company.de\\\/\"},{\"@type\":\"ListItem\",\"position\":2,\"name\":\"Kontakt | Impressum\"}]},{\"@type\":\"WebSite\",\"@id\":\"https:\\\/\\\/www.aloha-company.de\\\/#website\",\"url\":\"https:\\\/\\\/www.aloha-company.de\\\/\",\"name\":\"Angela Haake-Weiler\",\"description\":\"\",\"publisher\":{\"@id\":\"https:\\\/\\\/www.aloha-company.de\\\/#\\\/schema\\\/person\\\/eece843a889d6a1a2f91336f75a04527\"},\"potentialAction\":[{\"@type\":\"SearchAction\",\"target\":{\"@type\":\"EntryPoint\",\"urlTemplate\":\"https:\\\/\\\/www.aloha-company.de\\\/?s={search_term_string}\"},\"query-input\":{\"@type\":\"PropertyValueSpecification\",\"valueRequired\":true,\"valueName\":\"search_term_string\"}}],\"inLanguage\":\"de\"},{\"@type\":[\"Person\",\"Organization\"],\"@id\":\"https:\\\/\\\/www.aloha-company.de\\\/#\\\/schema\\\/person\\\/eece843a889d6a1a2f91336f75a04527\",\"name\":\"SebAng_19\",\"image\":{\"@type\":\"ImageObject\",\"inLanguage\":\"de\",\"@id\":\"http:\\\/\\\/www.aloha-company.de\\\/wp-content\\\/uploads\\\/2021\\\/10\\\/logo.png\",\"url\":\"http:\\\/\\\/www.aloha-company.de\\\/wp-content\\\/uploads\\\/2021\\\/10\\\/logo.png\",\"contentUrl\":\"http:\\\/\\\/www.aloha-company.de\\\/wp-content\\\/uploads\\\/2021\\\/10\\\/logo.png\",\"width\":395,\"height\":236,\"caption\":\"SebAng_19\"},\"logo\":{\"@id\":\"http:\\\/\\\/www.aloha-company.de\\\/wp-content\\\/uploads\\\/2021\\\/10\\\/logo.png\"}}]}<\/script>\n<!-- \/ Yoast SEO plugin. -->","yoast_head_json":{"title":"Kontakt | Impressum -","robots":{"index":"index","follow":"follow","max-snippet":"max-snippet:-1","max-image-preview":"max-image-preview:large","max-video-preview":"max-video-preview:-1"},"canonical":"http:\/\/www.aloha-company.de\/index.php\/impressum\/","og_locale":"de_DE","og_type":"article","og_title":"Kontakt | Impressum -","og_description":"Angela Haake-WeilerK\u00fcnstlerin&nbsp;Overather Strasse 1851429 Bergisch Gladbach&nbsp;Telefon:02204\/63393Telefax:02204\/424720E-mail: aha@haawei-net.deInternet: aloha-company.de&nbsp;Umsatzsteuer-Identifikationsnummer gem\u00e4\u00df \u00a7 27 a Umsatzsteuergesetz:DE 122000488&nbsp;Inhaltlich Verantwortlicher gem\u00e4\u00df \u00a7 10 Absatz 3 MDSTV:Angela Haake-WeilerAnschrift siehe oben&nbsp;&nbsp;Disclaimer \u2013 rechtliche Hinweise\u00a7 1 Haftungsbeschr\u00e4nkungDie Inhalte dieser Website erstelle ich mit gr\u00f6\u00dftm\u00f6glicher Sorgfalt. Ich \u00fcbernehme jedoch keine Gew\u00e4hr f\u00fcr die Richtigkeit, Vollst\u00e4ndigkeit und Aktualit\u00e4t der bereitgestellten [&hellip;]","og_url":"http:\/\/www.aloha-company.de\/index.php\/impressum\/","article_modified_time":"2022-08-11T15:58:16+00:00","twitter_card":"summary_large_image","twitter_misc":{"Gesch\u00e4tzte Lesezeit":"2\u00a0Minuten"},"schema":{"@context":"https:\/\/schema.org","@graph":[{"@type":"WebPage","@id":"http:\/\/www.aloha-company.de\/index.php\/impressum\/","url":"http:\/\/www.aloha-company.de\/index.php\/impressum\/","name":"Kontakt | Impressum -","isPartOf":{"@id":"https:\/\/www.aloha-company.de\/#website"},"datePublished":"2022-08-11T15:29:59+00:00","dateModified":"2022-08-11T15:58:16+00:00","breadcrumb":{"@id":"http:\/\/www.aloha-company.de\/index.php\/impressum\/#breadcrumb"},"inLanguage":"de","potentialAction":[{"@type":"ReadAction","target":["http:\/\/www.aloha-company.de\/index.php\/impressum\/"]}]},{"@type":"BreadcrumbList","@id":"http:\/\/www.aloha-company.de\/index.php\/impressum\/#breadcrumb","itemListElement":[{"@type":"ListItem","position":1,"name":"Startseite","item":"https:\/\/www.aloha-company.de\/"},{"@type":"ListItem","position":2,"name":"Kontakt | Impressum"}]},{"@type":"WebSite","@id":"https:\/\/www.aloha-company.de\/#website","url":"https:\/\/www.aloha-company.de\/","name":"Angela Haake-Weiler","description":"","publisher":{"@id":"https:\/\/www.aloha-company.de\/#\/schema\/person\/eece843a889d6a1a2f91336f75a04527"},"potentialAction":[{"@type":"SearchAction","target":{"@type":"EntryPoint","urlTemplate":"https:\/\/www.aloha-company.de\/?s={search_term_string}"},"query-input":{"@type":"PropertyValueSpecification","valueRequired":true,"valueName":"search_term_string"}}],"inLanguage":"de"},{"@type":["Person","Organization"],"@id":"https:\/\/www.aloha-company.de\/#\/schema\/person\/eece843a889d6a1a2f91336f75a04527","name":"SebAng_19","image":{"@type":"ImageObject","inLanguage":"de","@id":"http:\/\/www.aloha-company.de\/wp-content\/uploads\/2021\/10\/logo.png","url":"http:\/\/www.aloha-company.de\/wp-content\/uploads\/2021\/10\/logo.png","contentUrl":"http:\/\/www.aloha-company.de\/wp-content\/uploads\/2021\/10\/logo.png","width":395,"height":236,"caption":"SebAng_19"},"logo":{"@id":"http:\/\/www.aloha-company.de\/wp-content\/uploads\/2021\/10\/logo.png"}}]}},"_links":{"self":[{"href":"http:\/\/www.aloha-company.de\/index.php\/wp-json\/wp\/v2\/pages\/863","targetHints":{"allow":["GET"]}}],"collection":[{"href":"http:\/\/www.aloha-company.de\/index.php\/wp-json\/wp\/v2\/pages"}],"about":[{"href":"http:\/\/www.aloha-company.de\/index.php\/wp-json\/wp\/v2\/types\/page"}],"author":[{"embeddable":true,"href":"http:\/\/www.aloha-company.de\/index.php\/wp-json\/wp\/v2\/users\/1"}],"replies":[{"embeddable":true,"href":"http:\/\/www.aloha-company.de\/index.php\/wp-json\/wp\/v2\/comments?post=863"}],"version-history":[{"count":2,"href":"http:\/\/www.aloha-company.de\/index.php\/wp-json\/wp\/v2\/pages\/863\/revisions"}],"predecessor-version":[{"id":870,"href":"http:\/\/www.aloha-company.de\/index.php\/wp-json\/wp\/v2\/pages\/863\/revisions\/870"}],"wp:attachment":[{"href":"http:\/\/www.aloha-company.de\/index.php\/wp-json\/wp\/v2\/media?parent=863"}],"curies":[{"name":"wp","href":"https:\/\/api.w.org\/{rel}","templated":true}]}}